r of d and 24?
12
Let g = 3 + 13. Let q = -34 + 42. What is the greatest common factor of q and g?
8
Let y be 0 - (2 - 18 - 3). Let g = -14 + y. Let h(v) = -v + 35. Let b be h(0). What is the highest common divisor of g and b?
5
Let h = -64 - -82. Let f = 83 + -183. Let t = -55 - f. Calculate the highest common factor of h and t.
9
Suppose 0 = 11*b + 175 - 1759. What is the highest common divisor of 16 and b?
16
Let w be 2/12 + 123/18. Suppose j - 2*j + 3*m = 17, -5*m = j - w. Let n = -7 - j. What is the greatest common divisor of n and 5?
1
Suppose 4*g + 8 = m, 4*m + 5*g = 3*m - 10. Suppose -4*j + 4 = -m. Let c(o) = -o**2 - 9*o - 3. Let d be c(-8). What is the greatest common divisor of d and j?
1
Let i(n) = n**2 - 6*n - 7. Let c be i(8). Let o = c - -19. What is the greatest common divisor of 7 and o?
7
Suppose 0 = 2*s + 4*k - 4, s - 5*k = -s + 4. Suppose 0 = -s*r - 1 + 13. What is the highest common divisor of r and 66?
6
Let j(r) = -r**3 + 8*r**2 - 5*r - 14. Let o be j(7). Let y = 8 - o. What is the highest common factor of y and 8?
8
Suppose 3*i + 9 = 4*d - 0*i, 0 = 5*i - 25. Let c be 55*((-18)/10 - -3). What is the greatest common divisor of d and c?
6
Let y(u) = u**3 - 14*u**2 - 15*u + 5. Let a be y(15). Calculate the highest common factor of 5 and a.
5
Let o(g) = -g**2 - 15*g + 2. Let f be o(-13). Let n be (-6)/(-15) + 68/5. What is the highest common divisor of f and n?
14
Let c(f) = 98*f**2 + f + 2. Let p be c(-1). Suppose p = -4*y + 7*y. What is the highest common factor of 11 and y?
11
Let d be ((-17980)/(-9))/10 + 2/9. What is the highest common divisor of d and 20?
20
Let a(f) = -f**3 + 7*f**2 + 7*f + 8. Let n be a(8). Let y = n - -3. What is the highest common divisor of y and 30?
3
Let a(v) = v**2 - 5*v + 4. Suppose -10 = -5*i + 20. Let c be a(i). Let o = 23 - c. What is the highest common divisor of o and 104?
13
Let a be (8 - -1) + (-2)/2. Calculate the greatest common divisor of a and 8.
8
Suppose -4 = -7*f + 24. What is the greatest common divisor of f and 64?
4
Let c(s) = -10*s**3 - s**2 - s - 1. Suppose -5*q - 14 = 4*n - 5*n, 4*q - 12 = -5*n. Let o be c(q). What is the greatest common factor of o and 7?
7
Suppose -f = 3*q - 301, 0 = 4*q - 6*q + 2*f + 214. Let u be 4/(-14) - q/(-14). Let c = 14 - 7. Calculate the highest common divisor of c and u.
7
Let f = 19 + 11. Let g = f + -17. Calculate the greatest common factor of g and 91.
13
Let x be 4/(-6) - 64/(-24). Calculate the greatest common factor of x and 2.
2
Let s be 500/6 + (-4)/(-6). Suppose 0 = -2*f + 4, f = p - 2*f + 10. Let m be (-21)/p*(7 - 3). Calculate the highest common factor of m and s.
21
Suppose 156 = -2*o + 3*o. Suppose 6*s + o = 4*q + 3*s, -194 = -5*q + 4*s. What is the highest common factor of q and 21?
21
Let o(d) be the first derivative of -11*d**2/2 - 3*d + 2. Let x be o(-2). Let f = x + -5. What is the greatest common factor of 28 and f?
14
Let y = -102 + 110. Calculate the greatest common divisor of 104 and y.
8
Let v(a) = -a**3 + 11*a**2 - 6*a - 12. Let c be v(9). Calculate the greatest common factor of c and 12.
12
Suppose s - i = 5, -3*s - 3*i + 6 = -3. Let z be (1 - s)*47/(-3). Suppose 0 = -4*c + 109 + z. Calculate the highest common divisor of 26 and c.
13
Suppose 12*m - 28 = 5*m. What is the highest common divisor of m and 20?
4
Let h(w) = 9*w**2 - 9*w + 2. Let t be h(6). Let v = t + -152. What is the highest common divisor of v and 15?
15
Suppose b - 3*b = 0, 4*t + 4*b = -96. Let i be (t/(-8))/(2/4). What is the highest common factor of i and 30?
6
Let f = -9 - -12. What is the greatest common divisor of f and 24?
3
Let i = -5 + 8. Suppose 2*l + i*l + m - 69 = 0, -4*l + 59 = -3*m. Let b(v) = 2*v - 4. Let d be b(9). What is the highest common factor of d and l?
14
Let p(i) = -i - 3. Let y be p(-6). Suppose 4*a = 3*s - 24, 12 = 3*s - a - y. Let n = 37 + -29. What is the greatest common factor of s and n?
4
Suppose -b - 1 = -0, 4*g - 2*b = 10. Suppose 2*c - 52 = -2*u, 0*u = 4*u + 3*c - 100. Calculate the highest common divisor of u and g.
2
Let z = 221 - 215. Let p be 86/10 - 4/(-10). Calculate the greatest common factor of z and p.
3
Suppose -5*d + 5 = 0, -c - d - 94 + 22 = 0. Let s = -2 + c. Let v be (-4)/(3/s*2). What is the highest common divisor of v and 10?
10
Let n = 6 + -2. Suppose -3*p + 16 = p. Calculate the highest common factor of p and n.
4
Suppose 5*m - 3*p = -361, 2*m - 4*p + 91 + 45 = 0. Let k = 278 - 134. Let n = k + m. Calculate the highest common factor of n and 10.
10
Let q(o) = o**3 - 9*o**2 + 4. Let z be q(9). What is the greatest common divisor of z and 1?
1
Suppose -81 = -19*n + 489. Calculate the highest common divisor of 6 and n.
6
Let i(t) = -10*t**3 - t**2 + t + 1. Let c be i(-1). Suppose -4*q - 20 = -c*q. Suppose 0*n - q*n = -16. What is the highest common divisor of n and 8?
4
Suppose t + 2*i - 5 = 2, 0 = -3*t - 5*i + 23. Suppose t - 101 = -2*c. What is the highest common factor of 9 and c?
9
Suppose -48*l = -45*l - 120. Calculate the highest common divisor of l and 10.
10
Let d(r) be the second derivative of -1/2*r**3 + 1/6*r**4 + 0 + 1/20*r**5 + 3*r + 0*r**2. Let c be d(2). Calculate the greatest common factor of 10 and c.
10
Let g = 8 + -3. Suppose -3*j + 3*v = -30, 5*v = -g*j + 6*v + 30. Suppose 80 = -m + j*m. Calculate the highest common divisor of m and 180.
20
Let p = 50 - 29. Let m = 10 + 4. What is the highest common divisor of p and m?
7
Let w(n) = -3*n**2 - n - 3 + 0 + 5 - n**3. Let y(p) = p**3 + p**2 - 3. Let l be y(0). Let z be w(l). Calculate the highest common factor of 15 and z.
5
Let v(d) = -d**2 + 80. Let c be v(0). Let f(k) = k**2 + 10. Let y be f(0). What is the greatest common divisor of c and y?
10
Let p be (-10 + -8)*(-1)/(-2). Let o be 4*(-12)/p*-3. Let i be (-1)/(-4) - 636/o. What is the highest common factor of 8 and i?
8
Let w be 3/(-1*1/(-3)). Let o = 15 - w. Calculate the greatest common factor of 18 and o.
6
Suppose 2*d - 5*j - 240 = 0, 6*d = 2*d - 4*j + 508. What is the highest common factor of 50 and d?
25
Let j(p) = -p**2 + 6*p + 9. Let l be j(7). Suppose 0 = l*o - 0*o - 16. Calculate the greatest common divisor of 56 and o.
8
Let z = 2 - 0. Suppose 0*d - 2*f - 34 = -d, z*f - 38 = -d. Suppose -i + 2*i - 90 = 0. What is the highest common divisor of d and i?
18
Suppose -v + 2*v - 2 = 0. Suppose -3*t + 180 = 3*c + t, -2*t - 134 = -v*c. Let j = -14 - -30. Calculate the highest common divisor of j and c.
16
Let o = 154 + -104. Calculate the highest common factor of o and 20.
10
Suppose 5*k - 18 - 7 = 0, 2*k = -2*r + 128. Let x = 131 - r. Suppose -4*i = 3*v - v - x, 3*i - 56 = -v. Calculate the greatest common divisor of i and 180.
20
Suppose -19*h = -565 - 689. Calculate the greatest common divisor of h and 88.
22
Let f = 20 - 4. Let t = 53 - 49. What is the greatest common factor of t and f?
4
Let l be 444/14 + 24/84. Let v = -10 + l. Calculate the highest common divisor of 33 and v.
11
Let o = -41 - 55. Let v = o - -144. What is the greatest common divisor of 16 and v?
16
Let d(r) = -9 + 9*r - 4 + 4. Let s be d(4). What is the greatest common factor of 18 and s?
9
Let h = 27 + -17. Let a be (-18)/(-10) - (-2)/h. Let k be 44/7 + a/(-7). Calculate the greatest common factor of k and 66.
6
Suppose -2*m + 90 = 2*d, m - 4*d - 54 = -2*d. Suppose -41*s - 54 = -4*b - 43*s, 5*s - 3 = b. Calculate the greatest common divisor of m and b.
12
Let z be (2/(-12)*-16)/(6/9). What is the highest common divisor of 20 and z?
4
Suppose -5*i + 7 = 2. What is the highest common factor of 1 and i?
1
Let t(u) = -u**2 - u + 12. Let a be t(0). Let c = -5 + a. What is the highest common factor of 49 and c?
7
Let o be ((-1)/3)/(2/(-6)). Let f(v) = 15*v**2 - v + 1. Let g be f(o). Let k be (-6)/(-10) + 72/30. What is the highest common divisor of k and g?
3
Suppose 0*c = -3*c + 156. Calculate the highest common factor of 13 and c.
13
Let m = 1 + 1. Let l(j) = -4*j - 2 - 2*j + j**m + 3 + 5*j. Let r be l(4). What is the highest common divisor of 26 and r?
13
Suppose 5 = d, -d = -2*n + 50 + 7. What is the greatest common factor of 248 and n?
31
Let h = 5 - 6. Let a be ((-4)/5)/(h/5). What is the highest common divisor of a and 10?
2
Suppose -40 = -6*u + 4*u. Suppose -2*r + 4 = -0*r. Suppose 3 + 5 = r*a. What is 